50 a multiple of 338?
False
Is 21 a factor of 5416194?
True
Is 183 a factor of 227475?
False
Is 9 a factor of 110917?
False
Does 8 divide 6274417?
False
Is 2065432 a multiple of 71?
False
Is 1480332 a multiple of 55?
False
Does 200 divide 106706?
False
Is 160674 a multiple of 178?
False
Is 53667 a multiple of 201?
True
Is 510767 a multiple of 14?
False
Is 203 a factor of 6624499?
True
Does 349 divide 2587137?
True
Does 11 divide 2725217?
True
Does 600 divide 3994200?
True
Is 275398 a multiple of 385?
False
Is 18 a factor of 5206482?
True
Does 12 divide 11763424?
False
Is 11 a factor of 450010?
True
Is 25 a factor of 127300?
True
Is 412 a factor of 92869?
False
Is 96 a factor of 449856?
True
Is 17 a factor of 21101?
False
Is 32 a factor of 35846?
False
Does 98 divide 1694126?
True
Is 13763913 a multiple of 1630?
False
Does 36 divide 10301616?
True
Is 37 a factor of 389647?
True
Does 2134 divide 5744728?
True
Does 34 divide 55386?
True
Does 6 divide 14286101?
False
Is 59 a factor of 8555?
True
Is 69 a factor of 757758?
True
Is 5422340 a multiple of 35?
True
Is 42 a factor of 6987313?
False
Is 21 a factor of 1136709?
True
Does 4 divide 167736?
True
Is 27322450 a multiple of 348?
False
Does 6 divide 376602?
True
Does 15 divide 1038749?
False
Does 3 divide 584778?
True
Does 97 divide 1836113?
True
Does 65 divide 24505?
True
Is 166350 a multiple of 23?
False
Is 66881 a multiple of 8?
False
Does 69 divide 233565?
True
Is 8 a factor of 26576?
True
Is 131 a factor of 951534?
False
Is 685 a factor of 5988955?
True
Is 22314 a multiple of 12?
False
Is 895950 a multiple of 362?
True
Is 2211650 a multiple of 445?
True
Is 9 a factor of 620483?
False
Is 6 a factor of 24246?
True
Does 289 divide 4352861?
False
Does 517 divide 208868?
True
Is 3187 a factor of 28699909?
False
Is 186416 a multiple of 122?
True
Does 15 divide 473700?
True
Does 252 divide 129230?
False
Does 4 divide 409138?
False
Is 643858 a multiple of 493?
True
Does 617 divide 852694?
True
Does 5 divide 2699070?
True
Does 41 divide 359824?
False
Is 10 a factor of 795143?
False
Does 836 divide 3142954?
False
Is 10 a factor of 11753?
False
Does 3 divide 52685?
False
Is 683556 a multiple of 2?
True
Is 2308680 a multiple of 11?
True
Does 11 divide 2488541?
True
Is 432 a factor of 1745451?
False
Does 139 divide 1099273?
False
Is 20 a factor of 915860?
True
Does 325 divide 385775?
True
Is 27 a factor of 757620?
True
Is 4391679 a multiple of 753?
False
Is 2 a factor of 65522?
True
Is 99 a factor of 990594?
True
Does 46 divide 273422?
False
Is 46091 a multiple of 3?
False
Is 80933 a multiple of 358?
False
Is 11311 a multiple of 2?
False
Does 10 divide 4055732?
False
Does 159 divide 3415638?
True
Is 41 a factor of 129493?
False
Is 804608 a multiple of 448?
True
Is 1065641 a multiple of 5?
False
Does 7 divide 303433?
False
Does 16 divide 781760?
True
Does 359 divide 50619?
True
Is 16 a factor of 2199740?
False
Is 35 a factor of 110670?
True
Does 404 divide 314716?
True
Does 7 divide 13279?
True
Does 30 divide 61830?
True
Does 46 divide 12997738?
False
Is 783336 a multiple of 127?
True
Does 50 divide 5141550?
True
Is 94 a factor of 1385933?
False
Does 4 divide 216932?
True
Is 8 a factor of 43682?
False
Is 24 a factor of 85290?
False
Is 11 a factor of 12738407?
True
Is 135614 a multiple of 175?
False
Is 13 a factor of 158145?
True
Is 936780 a multiple of 20?
True
Is 1045285 a multiple of 19?
True
Does 217 divide 89404?
True
Does 54 divide 39938?
False
Is 82 a factor of 756436?
False
Is 48 a factor of 84835?
False
Is 5 a factor of 564155?
True
Does 110 divide 1070500?
False
Does 51 divide 95115?
True
Is 5086633 a multiple of 324?
False
Does 3 divide 1002280?
False
Is 140 a factor of 153882?
False
Is 1478821 a multiple of 760?
False
Does 26 divide 9620154?
False
Does 4 divide 924688?
True
Is 2410598 a multiple of 24?
False
Is 191 a factor of 26740?
True
Does 14 divide 9467850?
True
Does 596 divide 486336?
True
Is 708543 a multiple of 4?
False
Is 190994 a multiple of 89?
True
Is 111936 a multiple of 24?
True
Does 220 divide 3843905?
False
Is 495001 a multiple of 290?
False
Is 8299604 a multiple of 4?
True
Does 437 divide 3138534?
True
Is 504 a factor of 312775?
False
Is 3 a factor of 23390?
False
Is 290240 a multiple of 8?
True
Is 33 a factor of 371484?
False
Is 2423344 a multiple of 11?
True
Does 70 divide 119840?
True
Is 7 a factor of 6370?
True
Is 6175765 a multiple of 30?
False
Is 174 a factor of 27307386?
True
Is 77 a factor of 189890?
False
Is 18608 a multiple of 7?
False
Does 321 divide 507657?
False
Does 231 divide 655116?
True
Does 14 divide 1000?
False
Is 269873 even?
False
Does 2 divide 661911?
False
Is 2202178 a multiple of 31?
True
Is 68390 a multiple of 14?
True
Is 12 a factor of 938316?
True
Does 168 divide 3298202?
False
Does 209 divide 4343856?
True
Does 64 divide 398656?
True
Is 244 a factor of 508558?
False
Is 143208 a multiple of 108?
True
Does 555 divide 3650790?
True
Does 33 divide 374346?
False
Is 357244 a multiple of 14?
False
Is 2958728 a multiple of 8?
True
Is 100758 a multiple of 17?
False
Does 126 divide 200082?
False
Does 10 divide 263325?
False
Is 96 even?
True
Is 488 a factor of 1110353?
False
Does 64 divide 1851269?
False
Is 45 a factor of 1314030?
False
Does 650 divide 16565980?
False
Is 24 a factor of 154181?
False
Is 1125920 a multiple of 32?
True
Does 70 divide 11282041?
False
Does 81 divide 4822902?
True
Is 20 a factor of 272960?
True
Does 3 divide 161146?
False
Does 36 divide 2109137?
False
Is 568 a factor of 100654?
False
Is 11 a factor of 63556?
False
Is 465 a factor of 753181?
False
Is 9983862 a multiple of 14?
True
Does 10 divide 15509650?
True
Is 11 a factor of 18231?
False
Is 1723639 a multiple of 347?
False
Is 37 a factor of 36852?
True
Does 86 divide 2378158?
True
Is 290532 a multiple of 682?
True
Is 235446 a multiple of 10?
False
Is 632 a factor of 4883157?
False
Is 2019420 a multiple of 260?
True
Is 60 a factor of 620711?
False
Is 626172 a multiple of 6?
True
Is 513 a factor of 1602099?
True
Is 603 a multiple of 13?
False
Is 236 a factor of 158645?
False
Is 2508500 a multiple of 7?
False
Does 6 divide 2884852?
False
Does 108 divide 7996033?
False
Is 1063271 a multiple of 8?
False
Is 1326839 a multiple of 692?
False
Is 41 a factor of 1422582?
False
Does 49 divide 103566?
False
Is 2038368 a multiple of 68?
True
Is 675014 a multiple of 68?
False
Is 1953 a factor of 20541654?
True
Does 117 divide 175996?
False
Does 11 divide 22078?
False
Does 23 divide 122751?
True
Is 110 a factor of 144151?
False
Is 225760 a multiple of 16?
True
Is 1386 a factor of 8511426?
True
Is 7605024 a multiple of 24?
True
Is 6355592 a multiple of 352?
False
Does 131 divide 137329?
False
Does 122 divide 2994734?
True
Does 3 divide 8030?
False
Does 61 divide 1158024?
True
Does 315 divide 8675514?
False
Is 31 a factor of 1163921?
False
Is 1964902 a multiple of 85?
False
Does 21 divide 77350?
False
Is 77 a factor of 910140?
True
Does 56 divide 1097054?
False
Is 195955 a multiple of 243?
False
Is 269150 a multiple of 44?
False
Does 90 divide 11178900?
True
Is 1606 a factor of 21776850?
False
Is 184 a factor of 410711?
False
Does 75 divide 1412191?
False
Does 36 divide 1368686?
False
Is 239405 a multiple of 5?
True
Is 565 a factor of 1018953?
False
Is 14872 a multiple of 26?
True
Does 517 divide 22009207?
True
Does 772 divide 8895756?
True
Is 473838 a multiple of 6?
True
Does 64 divide 190464?
True
Is 1112621 a multiple of 786?
False
Is 65 a factor of 815750?
True
Is 355 a factor of 242083?
False
Does 12 divide 111608?
False
Is 10 a factor of 15461130?
True
Does 13 divide 239421?
True
Does 208 divide 25260089?
False
Does 27 divide 1169561?
False
Is 374360 a multiple of 245?
True
Does 545 divide 2756983?
False
Does 31 divide 730701?
True
Is 73 a factor of 14061421?
False
Is 257 a factor of 651495?
True
Does 11 divide 1226536?
False
Is 144 a factor of 822528?
True
Is 59 a factor of 732190?
True
Is 58 a factor of 193055?
False
Is 97 a factor of 49955?
True
Is 2343084 a multiple of 39?
False
Is 292 a factor of 557517?
False
Is 383469 a multiple of 103?
True
Does 25 divide 2076475?
True
Is 54884 a multiple of 26?
False
Does 55 divide 2907410?
True
Is 149056 a multiple of 143?
False
Does 14 divide 99